{"id":192,"date":"2012-01-19T15:23:56","date_gmt":"2012-01-19T15:23:56","guid":{"rendered":"http:\/\/asv-botnang.de\/fussball\/?page_id=192"},"modified":"2026-01-20T08:31:36","modified_gmt":"2026-01-20T08:31:36","slug":"downloads","status":"publish","type":"page","link":"https:\/\/asv-botnang.de\/fussball\/fussball-jugend\/downloads\/","title":{"rendered":"Downloads"},"content":{"rendered":"<p><a href=\"http:\/\/asv-botnang.de\/fussball\/files\/2025\/12\/Beitrittserklaerung_2026-HV.pdf\" target=\"_blank\" rel=\"noopener\"><span style=\"color: #808080\"><span style=\"color: #808080\">ASV-Beitrittserkl\u00e4rung [pdf]<\/span><\/span><\/a><a href=\"http:\/\/asv-botnang.de\/fussball\/files\/2012\/01\/ASV-Mitgliedsantrag-neu.pdf\"><span style=\"color: #808080\"><span style=\"color: #808080\"><br \/>\n<\/span><\/span><\/a>Erg\u00e4nzende Mitgliederordnung ASV-Jugendfu\u00dfball [pdf]<br \/>\n<a href=\"http:\/\/asv-botnang.de\/fussball\/files\/2026\/01\/Antrag-erstmalige-Spielerlaubnis_beschreibbar_2025-ASV.pdf\" target=\"_blank\" rel=\"noopener\"><span style=\"color: #808080\"><span style=\"color: #808080\">Antrag <\/span><\/span><span style=\"color: #808080\"><span style=\"color: #808080\">auf<\/span><\/span><span style=\"color: #808080\"><span style=\"color: #808080\"> erstmalige Spielerlaubnis <\/span><\/span><span style=\"color: #808080\">[pdf]<\/span><\/a><a href=\"http:\/\/asv-botnang.de\/fussball\/files\/2012\/01\/Spielerlaubnis-Antrag-neu.pdf\"><span style=\"color: #808080\"><br \/>\n<\/span><\/a><a href=\"http:\/\/asv-botnang.de\/fussball\/files\/2026\/01\/Antrag-Vereinswechsel_beschreibbar-2025-ASV.pdf\" target=\"_blank\" rel=\"noopener\">Antrag auf Spielerlaubnis bei Vereinswechsel [pdf]<\/a><br \/>\n<a href=\"http:\/\/asv-botnang.de\/fussball\/files\/2016\/02\/Notige_Unterlagen_fur_Spieler_aus_dem_Ausland.pdf\" target=\"_blank\" rel=\"noopener noreferrer\">Unterlagen f\u00fcr Spieler aus dem Ausland<\/a><br \/>\n<a href=\"http:\/\/asv-botnang.de\/fussball\/files\/2017\/09\/Formblatt_Zusatzerkl\u00e4rung_Passstelle.pdf\" target=\"_blank\" rel=\"noopener noreferrer\">Zusatzerkl\u00e4rung f. Spieler a.\u00a0 d. Ausland<\/a><\/p>\n<p>Sportversicherung:<br \/>\n<a href=\"http:\/\/asv-botnang.de\/fussball\/files\/2017\/09\/kurzmerkblatt_wlsb.pdf\" target=\"_blank\" rel=\"noopener noreferrer\">Infoblatt [pdf]<\/a><br \/>\n<a href=\"http:\/\/asv-botnang.de\/fussball\/files\/2017\/09\/spv317_sport-schadenmeldung_unfall_wlsb.pdf\" target=\"_blank\" rel=\"noopener noreferrer\">Antrag Schadenmeldung [pdf]<\/a><\/p>\n","protected":false},"excerpt":{"rendered":"<p>ASV-Beitrittserkl\u00e4rung [pdf] Erg\u00e4nzende Mitgliederordnung ASV-Jugendfu\u00dfball [pdf] Antrag auf erstmalige Spielerlaubnis [pdf] Antrag auf Spielerlaubnis bei Vereinswechsel [pdf] Unterlagen f\u00fcr Spieler aus dem Ausland Zusatzerkl\u00e4rung f. Spieler a.\u00a0 d. Ausland Sportversicherung: Infoblatt [pdf] Antrag Schadenmeldung [pdf]<\/p>\n","protected":false},"author":9,"featured_media":0,"parent":40,"menu_order":0,"comment_status":"open","ping_status":"open","template":"","meta":[],"_links":{"self":[{"href":"https:\/\/asv-botnang.de\/fussball\/wp-json\/wp\/v2\/pages\/192"}],"collection":[{"href":"https:\/\/asv-botnang.de\/fussball\/wp-json\/wp\/v2\/pages"}],"about":[{"href":"https:\/\/asv-botnang.de\/fussball\/wp-json\/wp\/v2\/types\/page"}],"author":[{"embeddable":true,"href":"https:\/\/asv-botnang.de\/fussball\/wp-json\/wp\/v2\/users\/9"}],"replies":[{"embeddable":true,"href":"https:\/\/asv-botnang.de\/fussball\/wp-json\/wp\/v2\/comments?post=192"}],"version-history":[{"count":58,"href":"https:\/\/asv-botnang.de\/fussball\/wp-json\/wp\/v2\/pages\/192\/revisions"}],"predecessor-version":[{"id":14840,"href":"https:\/\/asv-botnang.de\/fussball\/wp-json\/wp\/v2\/pages\/192\/revisions\/14840"}],"up":[{"embeddable":true,"href":"https:\/\/asv-botnang.de\/fussball\/wp-json\/wp\/v2\/pages\/40"}],"wp:attachment":[{"href":"https:\/\/asv-botnang.de\/fussball\/wp-json\/wp\/v2\/media?parent=192"}],"curies":[{"name":"wp","href":"https:\/\/api.w.org\/{rel}","templated":true}]}}