{"id":24,"date":"2011-10-28T17:22:27","date_gmt":"2011-10-28T17:22:27","guid":{"rendered":"http:\/\/asv-botnang.de\/fussball\/?page_id=24"},"modified":"2022-09-13T20:18:20","modified_gmt":"2022-09-13T20:18:20","slug":"fusball","status":"publish","type":"page","link":"https:\/\/asv-botnang.de\/fussball\/","title":{"rendered":""},"content":{"rendered":"<div id=\"pl-24\"  class=\"panel-layout\" ><div id=\"pg-24-0\"  class=\"panel-grid panel-no-style\" ><div id=\"pgc-24-0-0\"  class=\"panel-grid-cell\" ><div id=\"panel-24-0-0-0\" class=\"so-panel widget widget_sow-editor panel-first-child panel-last-child\" data-index=\"0\" ><div\n\t\t\t\n\t\t\tclass=\"so-widget-sow-editor so-widget-sow-editor-base\"\n\t\t\t\n\t\t>\n<div class=\"siteorigin-widget-tinymce textwidget\">\n\t<p style=\"text-align: justify;\"><span style=\"font-size: 12pt;\">Auf den folgenden Seiten erfahren Sie alles Interessante und Wissenswerte rund um die Fu\u00dfballabteilung des ASV Botnang.<\/span><\/p>\n<p style=\"text-align: justify;\"><span style=\"font-size: 12pt;\">Unsere Fu\u00dfballabteilung besteht derzeit aus 2 aktiven Mannschaften, der <span style=\"color: #000000;\">Fu\u00dfballjugend<\/span> mit 10 Jugendmannschaften, sowie der AH und den ASV-Oldies.<\/span><\/p>\n<p style=\"text-align: justify;\"><span style=\"font-size: 12pt;\">Unser Ziel ist es, allen unseren Spielern eine sportlich attraktive Heimat zu bieten.&nbsp;Mit einem Kunstrasen der neuesten Generation, einem Kleinspielfeld, 2 Sporthallen, einem Kraftraum - und nicht zu vergessen das ASV Freibad&nbsp; - sucht unser Gel\u00e4nde in der n\u00e4heren Umgebung seinesgleichen.<\/span><\/p>\n<p style=\"text-align: justify;\"><span style=\"font-size: 12pt;\">\u201eWir setzen auf unsere erfolgreiche Jugendarbeit\u201c \u2013 beim ASV Botnang nicht nur ein Spruch, nein \u2013 wir setzen das in die Tat um. In den letzten Jahren ist es uns gelungen, etliche Jugendspieler erfolgreich in beide aktiven Mannschaften zu integrieren. Wir sind der \u00dcberzeugung, dass dies der richtige Weg f\u00fcr zuk\u00fcnftige sportliche Erfolge ist.<\/span><\/p>\n<p style=\"text-align: justify;\"><span style=\"font-size: 12pt;\">Zahlreiche Partner unterst\u00fctzen uns auf diesem Weg seit vielen Jahren. Herzlichen Dank f\u00fcr diesen nicht unerheblichen und wichtigen Beitrag.<\/span><\/p>\n<p style=\"text-align: justify;\"><span style=\"font-size: 12pt;\">Und nun w\u00fcnschen wir Ihnen viel Spa\u00df beim Surfen durch die Fu\u00dfballwelt des ASV Botnang.<\/span><\/p>\n<\/div>\n<\/div><\/div><\/div><\/div><div id=\"pg-24-1\"  class=\"panel-grid panel-no-style\" ><div id=\"pgc-24-1-0\"  class=\"panel-grid-cell\" ><div id=\"panel-24-1-0-0\" class=\"so-panel widget widget_sow-editor panel-first-child panel-last-child\" data-index=\"1\" ><div\n\t\t\t\n\t\t\tclass=\"so-widget-sow-editor so-widget-sow-editor-base\"\n\t\t\t\n\t\t>\n<div class=\"siteorigin-widget-tinymce textwidget\">\n\t<p><span style=\"color: #008080;font-size: 24pt\"><strong>Unsere Premium-Partner<br \/>\n<\/strong><\/span><\/p>\n<\/div>\n<\/div><\/div><\/div><\/div><div id=\"pg-24-2\"  class=\"panel-grid panel-no-style\" ><div id=\"pgc-24-2-0\"  class=\"panel-grid-cell\" ><div id=\"panel-24-2-0-0\" class=\"so-panel widget widget_sow-editor panel-first-child\" data-index=\"2\" ><div\n\t\t\t\n\t\t\tclass=\"so-widget-sow-editor so-widget-sow-editor-base\"\n\t\t\t\n\t\t>\n<div class=\"siteorigin-widget-tinymce textwidget\">\n\t<p style=\"text-align: center;margin-bottom: 0px\"><span style=\"color: #008080;font-size: 18pt\"><strong>Unser Druckpartner<\/strong><\/span><\/p>\n<\/div>\n<\/div><\/div><div id=\"panel-24-2-0-1\" class=\"so-panel widget widget_sow-editor panel-last-child\" data-index=\"3\" ><div\n\t\t\t\n\t\t\tclass=\"so-widget-sow-editor so-widget-sow-editor-base\"\n\t\t\t\n\t\t>\n<div class=\"siteorigin-widget-tinymce textwidget\">\n\t<p><a href=\"http:\/\/www.stuttgarter-digitaldruck.de\"><img decoding=\"async\" loading=\"lazy\" class=\"wp-image-7369 size-large aligncenter\" title=\"Innovation Aschenbroich\" src=\"http:\/\/asv-botnang.de\/fussball\/files\/2011\/10\/Bild3-1024x647.png\" alt=\"2017_06_09 aktuell\" width=\"474\" height=\"299\" srcset=\"https:\/\/asv-botnang.de\/fussball\/files\/2011\/10\/Bild3-1024x647.png 1024w, https:\/\/asv-botnang.de\/fussball\/files\/2011\/10\/Bild3-300x190.png 300w, https:\/\/asv-botnang.de\/fussball\/files\/2011\/10\/Bild3-768x485.png 768w, https:\/\/asv-botnang.de\/fussball\/files\/2011\/10\/Bild3.png 1342w\" sizes=\"(max-width: 474px) 100vw, 474px\" \/><\/a><\/p>\n<\/div>\n<\/div><\/div><\/div><div id=\"pgc-24-2-1\"  class=\"panel-grid-cell panel-grid-cell-empty\" ><\/div><div id=\"pgc-24-2-2\"  class=\"panel-grid-cell\" ><div id=\"panel-24-2-2-0\" class=\"so-panel widget widget_sow-editor panel-first-child\" data-index=\"4\" ><div\n\t\t\t\n\t\t\tclass=\"so-widget-sow-editor so-widget-sow-editor-base\"\n\t\t\t\n\t\t>\n<div class=\"siteorigin-widget-tinymce textwidget\">\n\t<p style=\"text-align: center;margin-bottom: 0px\"><span style=\"color: #008080;font-size: 18pt\"><strong>Unsere Ausr\u00fcster<\/strong><\/span><\/p>\n<\/div>\n<\/div><\/div><div id=\"panel-24-2-2-1\" class=\"so-panel widget widget_sow-editor\" data-index=\"5\" ><div\n\t\t\t\n\t\t\tclass=\"so-widget-sow-editor so-widget-sow-editor-base\"\n\t\t\t\n\t\t>\n<div class=\"siteorigin-widget-tinymce textwidget\">\n\t<p><a href=\"http:\/\/www.schreinerei-sw.de\/\"><img decoding=\"async\" loading=\"lazy\" class=\"aligncenter wp-image-13466 size-large\" title=\"Stein &amp; Weidle\" src=\"http:\/\/asv-botnang.de\/fussball\/files\/2021\/09\/steinweidle-1024x699.png\" alt=\"\" width=\"474\" height=\"324\" srcset=\"https:\/\/asv-botnang.de\/fussball\/files\/2021\/09\/steinweidle-1024x699.png 1024w, https:\/\/asv-botnang.de\/fussball\/files\/2021\/09\/steinweidle-300x205.png 300w, https:\/\/asv-botnang.de\/fussball\/files\/2021\/09\/steinweidle-768x524.png 768w, https:\/\/asv-botnang.de\/fussball\/files\/2021\/09\/steinweidle.png 1202w\" sizes=\"(max-width: 474px) 100vw, 474px\" \/><\/a><\/p>\n<\/div>\n<\/div><\/div><div id=\"panel-24-2-2-2\" class=\"so-panel widget widget_sow-editor panel-last-child\" data-index=\"6\" ><div\n\t\t\t\n\t\t\tclass=\"so-widget-sow-editor so-widget-sow-editor-base\"\n\t\t\t\n\t\t>\n<div class=\"siteorigin-widget-tinymce textwidget\">\n\t<p><a href=\"https:\/\/sx-pro.de\/\"><img decoding=\"async\" loading=\"lazy\" class=\"aligncenter wp-image-13199 size-full\" title=\"SX Pro Solutions GmbH\" src=\"http:\/\/asv-botnang.de\/fussball\/files\/2020\/09\/sx_pro_solution_logo.jpg\" alt=\"\" width=\"380\" height=\"260\" srcset=\"https:\/\/asv-botnang.de\/fussball\/files\/2020\/09\/sx_pro_solution_logo.jpg 380w, https:\/\/asv-botnang.de\/fussball\/files\/2020\/09\/sx_pro_solution_logo-300x205.jpg 300w\" sizes=\"(max-width: 380px) 100vw, 380px\" \/><\/a><\/p>\n<\/div>\n<\/div><\/div><\/div><\/div><div id=\"pg-24-3\"  class=\"panel-grid panel-no-style\" ><div id=\"pgc-24-3-0\"  class=\"panel-grid-cell panel-grid-cell-empty\" ><\/div><div id=\"pgc-24-3-1\"  class=\"panel-grid-cell panel-grid-cell-empty panel-grid-cell-mobile-last\" ><\/div><div id=\"pgc-24-3-2\"  class=\"panel-grid-cell panel-grid-cell-empty\" ><\/div><\/div><div id=\"pg-24-4\"  class=\"panel-grid panel-no-style\" ><div id=\"pgc-24-4-0\"  class=\"panel-grid-cell\" ><div id=\"panel-24-4-0-0\" class=\"so-panel widget widget_sow-editor panel-first-child panel-last-child\" data-index=\"7\" ><div\n\t\t\t\n\t\t\tclass=\"so-widget-sow-editor so-widget-sow-editor-base\"\n\t\t\t\n\t\t>\n<div class=\"siteorigin-widget-tinymce textwidget\">\n\t<p><a href=\"https:\/\/www.oksb.de\/\"><img decoding=\"async\" loading=\"lazy\" class=\"aligncenter wp-image-13201 size-full\" title=\"Orthop\u00e4dische Klinik Stuttgart-Botnang\" src=\"http:\/\/asv-botnang.de\/fussball\/files\/2020\/09\/OPK_1.png\" alt=\"\" width=\"569\" height=\"190\" srcset=\"https:\/\/asv-botnang.de\/fussball\/files\/2020\/09\/OPK_1.png 569w, https:\/\/asv-botnang.de\/fussball\/files\/2020\/09\/OPK_1-300x100.png 300w\" sizes=\"(max-width: 569px) 100vw, 569px\" \/><\/a><\/p>\n<\/div>\n<\/div><\/div><\/div><div id=\"pgc-24-4-1\"  class=\"panel-grid-cell\" ><div id=\"panel-24-4-1-0\" class=\"so-panel widget widget_sow-editor panel-first-child panel-last-child\" data-index=\"8\" ><div\n\t\t\t\n\t\t\tclass=\"so-widget-sow-editor so-widget-sow-editor-base\"\n\t\t\t\n\t\t>\n<div class=\"siteorigin-widget-tinymce textwidget\">\n\t<p><a href=\"http:\/\/www.martin-bellermann.de\/\"><img decoding=\"async\" loading=\"lazy\" class=\"wp-image-5370 size-medium aligncenter\" title=\"Physiopraxis Martin Bellermann\" src=\"http:\/\/asv-botnang.de\/fussball\/files\/2011\/10\/physiopraxis-bellermann-logo-kpl-300x217.png\" alt=\"2017_06_09 aktuell\" width=\"300\" height=\"217\" srcset=\"https:\/\/asv-botnang.de\/fussball\/files\/2011\/10\/physiopraxis-bellermann-logo-kpl-300x217.png 300w, https:\/\/asv-botnang.de\/fussball\/files\/2011\/10\/physiopraxis-bellermann-logo-kpl.png 444w\" sizes=\"(max-width: 300px) 100vw, 300px\" \/><\/a><\/p>\n<\/div>\n<\/div><\/div><\/div><\/div><div id=\"pg-24-5\"  class=\"panel-grid panel-no-style\" ><div id=\"pgc-24-5-0\"  class=\"panel-grid-cell\" ><div id=\"panel-24-5-0-0\" class=\"so-panel widget widget_sow-editor panel-first-child panel-last-child\" data-index=\"9\" ><div\n\t\t\t\n\t\t\tclass=\"so-widget-sow-editor so-widget-sow-editor-base\"\n\t\t\t\n\t\t>\n<div class=\"siteorigin-widget-tinymce textwidget\">\n\t<p><span style=\"color: #008080;font-size: 24pt\"><strong>Unsere Classic-Partner<\/strong><\/span><\/p>\n<\/div>\n<\/div><\/div><\/div><\/div><div id=\"pg-24-6\"  class=\"panel-grid panel-no-style\" ><div id=\"pgc-24-6-0\"  class=\"panel-grid-cell\" ><div id=\"panel-24-6-0-0\" class=\"so-panel widget widget_sow-editor panel-first-child\" data-index=\"10\" ><div\n\t\t\t\n\t\t\tclass=\"so-widget-sow-editor so-widget-sow-editor-base\"\n\t\t\t\n\t\t>\n<div class=\"siteorigin-widget-tinymce textwidget\">\n\t<p><a href=\"http:\/\/www.schoettle.mercedes-benz.de\"><img decoding=\"async\" loading=\"lazy\" class=\"aligncenter wp-image-1713 size-full\" title=\"Autohaus Sch\u00f6ttle GmbH\" src=\"http:\/\/asv-botnang.de\/fussball\/files\/2012\/08\/logo-Sch\u00f6ttle.gif\" alt=\"logo - Sch\u00f6ttle\" width=\"710\" height=\"414\" srcset=\"https:\/\/asv-botnang.de\/fussball\/files\/2012\/08\/logo-Sch\u00f6ttle.gif 710w, https:\/\/asv-botnang.de\/fussball\/files\/2012\/08\/logo-Sch\u00f6ttle-300x174.gif 300w\" sizes=\"(max-width: 710px) 100vw, 710px\" \/><\/a><\/p>\n<\/div>\n<\/div><\/div><div id=\"panel-24-6-0-1\" class=\"so-panel widget widget_sow-editor panel-last-child\" data-index=\"11\" ><div\n\t\t\t\n\t\t\tclass=\"so-widget-sow-editor so-widget-sow-editor-base\"\n\t\t\t\n\t\t>\n<div class=\"siteorigin-widget-tinymce textwidget\">\n\t<p><a href=\"http:\/\/www.michael-berger-immobilien.de\"><img decoding=\"async\" loading=\"lazy\" class=\"aligncenter wp-image-1714 size-full\" title=\"Michael M. Berger Immobilien\" src=\"http:\/\/asv-botnang.de\/fussball\/files\/2012\/08\/logo-Berger-Immobilien.png\" alt=\"2017_06_09 aktuell\" width=\"636\" height=\"521\" srcset=\"https:\/\/asv-botnang.de\/fussball\/files\/2012\/08\/logo-Berger-Immobilien.png 636w, https:\/\/asv-botnang.de\/fussball\/files\/2012\/08\/logo-Berger-Immobilien-300x245.png 300w\" sizes=\"(max-width: 636px) 100vw, 636px\" \/><\/a><\/p>\n<\/div>\n<\/div><\/div><\/div><div id=\"pgc-24-6-1\"  class=\"panel-grid-cell\" ><div id=\"panel-24-6-1-0\" class=\"so-panel widget widget_sow-editor panel-first-child panel-last-child\" data-index=\"12\" ><div\n\t\t\t\n\t\t\tclass=\"so-widget-sow-editor so-widget-sow-editor-base\"\n\t\t\t\n\t\t>\n<div class=\"siteorigin-widget-tinymce textwidget\">\n\t<p><a href=\"https:\/\/www.oechsner-apotheken.de\/\"><img decoding=\"async\" loading=\"lazy\" class=\"aligncenter wp-image-1767 size-full\" src=\"http:\/\/asv-botnang.de\/fussball\/files\/2012\/08\/Logo-Schubert-Apo.jpg\" alt=\"2017_06_09 aktuell\" width=\"738\" height=\"544\" srcset=\"https:\/\/asv-botnang.de\/fussball\/files\/2012\/08\/Logo-Schubert-Apo.jpg 738w, https:\/\/asv-botnang.de\/fussball\/files\/2012\/08\/Logo-Schubert-Apo-300x221.jpg 300w\" sizes=\"(max-width: 738px) 100vw, 738px\" \/><\/a><\/p>\n<\/div>\n<\/div><\/div><\/div><div id=\"pgc-24-6-2\"  class=\"panel-grid-cell\" ><div id=\"panel-24-6-2-0\" class=\"so-panel widget widget_sow-editor panel-first-child panel-last-child\" data-index=\"13\" ><div\n\t\t\t\n\t\t\tclass=\"so-widget-sow-editor so-widget-sow-editor-base\"\n\t\t\t\n\t\t>\n<div class=\"siteorigin-widget-tinymce textwidget\">\n\t<p><img decoding=\"async\" loading=\"lazy\" class=\"aligncenter size-large wp-image-9665\" src=\"http:\/\/asv-botnang.de\/fussball\/files\/2011\/10\/Physioteam-Botnang-1024x776.jpg\" alt=\"\" width=\"474\" height=\"359\" srcset=\"https:\/\/asv-botnang.de\/fussball\/files\/2011\/10\/Physioteam-Botnang-1024x776.jpg 1024w, https:\/\/asv-botnang.de\/fussball\/files\/2011\/10\/Physioteam-Botnang-300x227.jpg 300w, https:\/\/asv-botnang.de\/fussball\/files\/2011\/10\/Physioteam-Botnang-768x582.jpg 768w, https:\/\/asv-botnang.de\/fussball\/files\/2011\/10\/Physioteam-Botnang.jpg 1568w\" sizes=\"(max-width: 474px) 100vw, 474px\" \/><\/p>\n<\/div>\n<\/div><\/div><\/div><\/div><div id=\"pg-24-7\"  class=\"panel-grid panel-no-style\" ><div id=\"pgc-24-7-0\"  class=\"panel-grid-cell\" ><div id=\"panel-24-7-0-0\" class=\"so-panel widget widget_sow-editor panel-first-child panel-last-child\" data-index=\"14\" ><div\n\t\t\t\n\t\t\tclass=\"so-widget-sow-editor so-widget-sow-editor-base\"\n\t\t\t\n\t\t>\n<div class=\"siteorigin-widget-tinymce textwidget\">\n\t<p><span style=\"font-size: 24pt;color: #008080\"><strong>Unsere Basic-Partner<\/strong><\/span><\/p>\n<\/div>\n<\/div><\/div><\/div><\/div><div id=\"pg-24-8\"  class=\"panel-grid panel-no-style\" ><div id=\"pgc-24-8-0\"  class=\"panel-grid-cell\" ><div id=\"panel-24-8-0-0\" class=\"so-panel widget widget_sow-editor panel-first-child\" data-index=\"15\" ><div\n\t\t\t\n\t\t\tclass=\"so-widget-sow-editor so-widget-sow-editor-base\"\n\t\t\t\n\t\t>\n<div class=\"siteorigin-widget-tinymce textwidget\">\n\t<p><img decoding=\"async\" loading=\"lazy\" class=\"aligncenter wp-image-7393 size-full\" src=\"http:\/\/asv-botnang.de\/fussball\/files\/2011\/10\/Anzeige-Weiss-Erben.jpg\" alt=\"2017_06_09 aktuell\" width=\"290\" height=\"174\" \/><\/p>\n<\/div>\n<\/div><\/div><div id=\"panel-24-8-0-1\" class=\"so-panel widget widget_sow-editor panel-last-child\" data-index=\"16\" ><div\n\t\t\t\n\t\t\tclass=\"so-widget-sow-editor so-widget-sow-editor-base\"\n\t\t\t\n\t\t>\n<div class=\"siteorigin-widget-tinymce textwidget\">\n\t<p><img decoding=\"async\" loading=\"lazy\" class=\"aligncenter wp-image-7394 size-large\" src=\"http:\/\/asv-botnang.de\/fussball\/files\/2011\/10\/Bild3-1-1024x750.png\" alt=\"2017_06_09 aktuell\" width=\"474\" height=\"347\" srcset=\"https:\/\/asv-botnang.de\/fussball\/files\/2011\/10\/Bild3-1-1024x750.png 1024w, https:\/\/asv-botnang.de\/fussball\/files\/2011\/10\/Bild3-1-300x220.png 300w, https:\/\/asv-botnang.de\/fussball\/files\/2011\/10\/Bild3-1-768x562.png 768w, https:\/\/asv-botnang.de\/fussball\/files\/2011\/10\/Bild3-1.png 1460w\" sizes=\"(max-width: 474px) 100vw, 474px\" \/><\/p>\n<\/div>\n<\/div><\/div><\/div><div id=\"pgc-24-8-1\"  class=\"panel-grid-cell\" ><div id=\"panel-24-8-1-0\" class=\"so-panel widget widget_sow-editor panel-first-child\" data-index=\"17\" ><div\n\t\t\t\n\t\t\tclass=\"so-widget-sow-editor so-widget-sow-editor-base\"\n\t\t\t\n\t\t>\n<div class=\"siteorigin-widget-tinymce textwidget\">\n\t<p><img decoding=\"async\" loading=\"lazy\" class=\"aligncenter wp-image-7392 size-full\" src=\"http:\/\/asv-botnang.de\/fussball\/files\/2011\/10\/Bild1-5.png\" alt=\"2017_06_09 aktuell\" width=\"588\" height=\"439\" srcset=\"https:\/\/asv-botnang.de\/fussball\/files\/2011\/10\/Bild1-5.png 588w, https:\/\/asv-botnang.de\/fussball\/files\/2011\/10\/Bild1-5-300x224.png 300w\" sizes=\"(max-width: 588px) 100vw, 588px\" \/><\/p>\n<\/div>\n<\/div><\/div><div id=\"panel-24-8-1-1\" class=\"so-panel widget widget_sow-editor panel-last-child\" data-index=\"18\" ><div\n\t\t\t\n\t\t\tclass=\"so-widget-sow-editor so-widget-sow-editor-base\"\n\t\t\t\n\t\t>\n<div class=\"siteorigin-widget-tinymce textwidget\">\n\t<p><img decoding=\"async\" loading=\"lazy\" class=\"wp-image-13202 size-large aligncenter\" src=\"http:\/\/asv-botnang.de\/fussball\/files\/2020\/09\/logo-fitpol-1024x304.png\" alt=\"\" width=\"474\" height=\"141\" srcset=\"https:\/\/asv-botnang.de\/fussball\/files\/2020\/09\/logo-fitpol-1024x304.png 1024w, https:\/\/asv-botnang.de\/fussball\/files\/2020\/09\/logo-fitpol-300x89.png 300w, https:\/\/asv-botnang.de\/fussball\/files\/2020\/09\/logo-fitpol-768x228.png 768w, https:\/\/asv-botnang.de\/fussball\/files\/2020\/09\/logo-fitpol.png 1611w\" sizes=\"(max-width: 474px) 100vw, 474px\" \/><\/p>\n<\/div>\n<\/div><\/div><\/div><div id=\"pgc-24-8-2\"  class=\"panel-grid-cell\" ><div id=\"panel-24-8-2-0\" class=\"so-panel widget widget_sow-editor panel-first-child\" data-index=\"19\" ><div\n\t\t\t\n\t\t\tclass=\"so-widget-sow-editor so-widget-sow-editor-base\"\n\t\t\t\n\t\t>\n<div class=\"siteorigin-widget-tinymce textwidget\">\n\t<p><img decoding=\"async\" loading=\"lazy\" class=\"aligncenter wp-image-5589 size-full\" src=\"http:\/\/asv-botnang.de\/fussball\/files\/2011\/10\/Kanzlei-Logo-1.jpg\" alt=\"2017_06_09 aktuell\" width=\"691\" height=\"305\" srcset=\"https:\/\/asv-botnang.de\/fussball\/files\/2011\/10\/Kanzlei-Logo-1.jpg 691w, https:\/\/asv-botnang.de\/fussball\/files\/2011\/10\/Kanzlei-Logo-1-300x132.jpg 300w\" sizes=\"(max-width: 691px) 100vw, 691px\" \/><\/p>\n<\/div>\n<\/div><\/div><div id=\"panel-24-8-2-1\" class=\"so-panel widget widget_sow-editor panel-last-child\" data-index=\"20\" ><div\n\t\t\t\n\t\t\tclass=\"so-widget-sow-editor so-widget-sow-editor-base\"\n\t\t\t\n\t\t>\n<div class=\"siteorigin-widget-tinymce textwidget\">\n\t<p><img decoding=\"async\" loading=\"lazy\" class=\"wp-image-13203 size-full aligncenter\" src=\"http:\/\/asv-botnang.de\/fussball\/files\/2020\/09\/Logo_-_SPL.png\" alt=\"\" width=\"586\" height=\"349\" srcset=\"https:\/\/asv-botnang.de\/fussball\/files\/2020\/09\/Logo_-_SPL.png 586w, https:\/\/asv-botnang.de\/fussball\/files\/2020\/09\/Logo_-_SPL-300x179.png 300w\" sizes=\"(max-width: 586px) 100vw, 586px\" \/><\/p>\n<\/div>\n<\/div><\/div><\/div><\/div><div id=\"pg-24-9\"  class=\"panel-grid panel-no-style\" ><div id=\"pgc-24-9-0\"  class=\"panel-grid-cell\" ><div id=\"panel-24-9-0-0\" class=\"so-panel widget widget_sow-editor panel-first-child panel-last-child\" data-index=\"21\" ><div\n\t\t\t\n\t\t\tclass=\"so-widget-sow-editor so-widget-sow-editor-base\"\n\t\t\t\n\t\t>\n<div class=\"siteorigin-widget-tinymce textwidget\">\n\t<p><span style=\"font-size: 24pt;color: #008080\"><strong>Unser Online-Shop<\/strong><\/span><\/p>\n<\/div>\n<\/div><\/div><\/div><\/div><div id=\"pg-24-10\"  class=\"panel-grid panel-no-style\" ><div id=\"pgc-24-10-0\"  class=\"panel-grid-cell\" ><div id=\"panel-24-10-0-0\" class=\"so-panel widget widget_sow-editor panel-first-child panel-last-child\" data-index=\"22\" ><div\n\t\t\t\n\t\t\tclass=\"so-widget-sow-editor so-widget-sow-editor-base\"\n\t\t\t\n\t\t>\n<div class=\"siteorigin-widget-tinymce textwidget\">\n\t<p><a href=\"https:\/\/asvbotnang.sx-pro.de\/\"><img decoding=\"async\" loading=\"lazy\" class=\"aligncenter wp-image-13475 size-full\" title=\"ASV Online-Shop\" src=\"http:\/\/asv-botnang.de\/fussball\/files\/2021\/09\/ASV_Shop_Banner_1920x1920.jpg\" alt=\"\" width=\"1920\" height=\"404\" srcset=\"https:\/\/asv-botnang.de\/fussball\/files\/2021\/09\/ASV_Shop_Banner_1920x1920.jpg 1920w, https:\/\/asv-botnang.de\/fussball\/files\/2021\/09\/ASV_Shop_Banner_1920x1920-300x63.jpg 300w, https:\/\/asv-botnang.de\/fussball\/files\/2021\/09\/ASV_Shop_Banner_1920x1920-768x162.jpg 768w, https:\/\/asv-botnang.de\/fussball\/files\/2021\/09\/ASV_Shop_Banner_1920x1920-1024x215.jpg 1024w\" sizes=\"(max-width: 1920px) 100vw, 1920px\" \/><\/a><\/p>\n<\/div>\n<\/div><\/div><\/div><\/div><div id=\"pg-24-11\"  class=\"panel-grid panel-has-style\" ><div class=\"panel-row-style panel-row-style-for-24-11\" ><div id=\"pgc-24-11-0\"  class=\"panel-grid-cell\" ><div id=\"panel-24-11-0-0\" class=\"so-panel widget widget_sow-editor panel-first-child\" data-index=\"23\" ><div\n\t\t\t\n\t\t\tclass=\"so-widget-sow-editor so-widget-sow-editor-base\"\n\t\t\t\n\t\t>\n<div class=\"siteorigin-widget-tinymce textwidget\">\n\t<p><img decoding=\"async\" loading=\"lazy\" class=\"aligncenter wp-image-7390 size-large\" src=\"http:\/\/asv-botnang.de\/fussball\/files\/2011\/10\/Bild1-4-1024x842.png\" alt=\"2017_06_09 aktuell\" width=\"474\" height=\"390\" \/><\/p>\n<\/div>\n<\/div><\/div><div id=\"panel-24-11-0-1\" class=\"so-panel widget widget_sow-editor\" data-index=\"24\" ><div\n\t\t\t\n\t\t\tclass=\"so-widget-sow-editor so-widget-sow-editor-base\"\n\t\t\t\n\t\t>\n<div class=\"siteorigin-widget-tinymce textwidget\">\n\t<p><img decoding=\"async\" loading=\"lazy\" class=\"aligncenter wp-image-7395 size-large\" src=\"http:\/\/asv-botnang.de\/fussball\/files\/2011\/10\/Bild2-3-1024x722.png\" alt=\"2017_06_09 aktuell\" width=\"474\" height=\"334\" \/><\/p>\n<\/div>\n<\/div><\/div><div id=\"panel-24-11-0-2\" class=\"so-panel widget widget_sow-editor\" data-index=\"25\" ><div\n\t\t\t\n\t\t\tclass=\"so-widget-sow-editor so-widget-sow-editor-base\"\n\t\t\t\n\t\t>\n<div class=\"siteorigin-widget-tinymce textwidget\">\n\t<p><a href=\"http:\/\/www.designmediastudio.de\"><img decoding=\"async\" loading=\"lazy\" class=\"aligncenter wp-image-7377 size-large\" title=\"design media studio\" src=\"http:\/\/asv-botnang.de\/fussball\/files\/2011\/10\/Bild1-2-1024x734.png\" alt=\"2017_06_09 aktuell\" width=\"474\" height=\"340\" \/><\/a><\/p>\n<\/div>\n<\/div><\/div><div id=\"panel-24-11-0-3\" class=\"so-panel widget widget_sow-editor\" data-index=\"26\" ><div\n\t\t\t\n\t\t\tclass=\"so-widget-sow-editor so-widget-sow-editor-base\"\n\t\t\t\n\t\t>\n<div class=\"siteorigin-widget-tinymce textwidget\">\n\t<p><a href=\"http:\/\/www.der-kleine-stuttgarter.de\"><img decoding=\"async\" loading=\"lazy\" class=\"aligncenter wp-image-7363 size-large\" title=\"Der kleine Stuttgarter\" src=\"http:\/\/asv-botnang.de\/fussball\/files\/2011\/10\/Bild1-1024x539.png\" alt=\"2017_06_09 aktuell\" width=\"474\" height=\"249\" \/><\/a><\/p>\n<\/div>\n<\/div><\/div><div id=\"panel-24-11-0-4\" class=\"so-panel widget widget_sow-editor\" data-index=\"27\" ><div\n\t\t\t\n\t\t\tclass=\"so-widget-sow-editor so-widget-sow-editor-base\"\n\t\t\t\n\t\t>\n<div class=\"siteorigin-widget-tinymce textwidget\">\n\t<p><a href=\"http:\/\/www.zumhotzenplotz.de\"><img decoding=\"async\" loading=\"lazy\" class=\"aligncenter wp-image-7367 size-large\" title=\"Wirtshaus zum Hotzenplotz\" src=\"http:\/\/asv-botnang.de\/fussball\/files\/2011\/10\/Bild2-1024x905.png\" alt=\"2017_06_09 aktuell\" width=\"474\" height=\"419\" \/><\/a><\/p>\n<\/div>\n<\/div><\/div><div id=\"panel-24-11-0-5\" class=\"so-panel widget widget_sow-editor\" data-index=\"28\" ><div\n\t\t\t\n\t\t\tclass=\"so-widget-sow-editor so-widget-sow-editor-base\"\n\t\t\t\n\t\t>\n<div class=\"siteorigin-widget-tinymce textwidget\">\n\t<p>&nbsp;<a href=\"http:\/\/www.wuerttembergische.de\"><img decoding=\"async\" loading=\"lazy\" class=\"aligncenter wp-image-7344 size-medium\" src=\"http:\/\/asv-botnang.de\/fussball\/files\/2011\/10\/Bild-W\u00fcrttembergische-300x219.png\" alt=\"Bild W\u00fcrttembergische\" width=\"300\" height=\"219\"\/><\/a><\/p>\n<\/div>\n<\/div><\/div><div id=\"panel-24-11-0-6\" class=\"so-panel widget widget_sow-editor\" data-index=\"29\" ><div\n\t\t\t\n\t\t\tclass=\"so-widget-sow-editor so-widget-sow-editor-base\"\n\t\t\t\n\t\t>\n<div class=\"siteorigin-widget-tinymce textwidget\">\n\t<p><a href=\"http:\/\/www.party-weller.de\"><img decoding=\"async\" loading=\"lazy\" class=\"aligncenter wp-image-7339 size-full\" title=\"party.weller\" src=\"http:\/\/asv-botnang.de\/fussball\/files\/2011\/10\/index2.jpg\" alt=\"2017_06_09 aktuell\" width=\"267\" height=\"189\"\/><\/a><\/p>\n<\/div>\n<\/div><\/div><div id=\"panel-24-11-0-7\" class=\"so-panel widget widget_sow-editor\" data-index=\"30\" ><div\n\t\t\t\n\t\t\tclass=\"so-widget-sow-editor so-widget-sow-editor-base\"\n\t\t\t\n\t\t>\n<div class=\"siteorigin-widget-tinymce textwidget\">\n\t<p><a href=\"http:\/\/www.metzgerei-betsch.de\"><img decoding=\"async\" loading=\"lazy\" class=\"wp-image-7340 size-full aligncenter\" title=\"Metzgerei Betsch\" src=\"http:\/\/asv-botnang.de\/fussball\/files\/2011\/10\/Anzeige-Betsch.png\" alt=\"2017_06_09 aktuell\" width=\"457\" height=\"448\" \/><\/a><\/p>\n<\/div>\n<\/div><\/div><div id=\"panel-24-11-0-8\" class=\"so-panel widget widget_sow-editor panel-last-child\" data-index=\"31\" ><div\n\t\t\t\n\t\t\tclass=\"so-widget-sow-editor so-widget-sow-editor-base\"\n\t\t\t\n\t\t>\n<div class=\"siteorigin-widget-tinymce textwidget\">\n\t<p><a href=\"http:\/\/www.rohrteufel.de\"><img decoding=\"async\" loading=\"lazy\" class=\"wp-image-7381 size-full aligncenter\" title=\"Rohrteufel\" src=\"http:\/\/asv-botnang.de\/fussball\/files\/2011\/10\/logo-rohrteufel.gif\" alt=\"2017_06_09 aktuell\" width=\"713\" height=\"246\" \/><\/a><\/p>\n<\/div>\n<\/div><\/div><\/div><\/div><\/div><\/div>","protected":false},"excerpt":{"rendered":"<p>Auf den folgenden Seiten erfahren Sie alles Interessante und Wissenswerte rund um die Fu\u00dfballabteilung des ASV Botnang.Unsere Fu\u00dfballabteilung besteht derzeit aus 2 aktiven Mannschaften, der Fu\u00dfballjugend mit 10 Jugendmannschaften, sowie der AH und den ASV-Oldies.Unser Ziel ist es, allen unseren Spielern eine sportlich attraktive Heimat zu bieten.&nbsp;Mit einem Kunstrasen der neuesten Generation, einem Kleinspielfeld, 2 &hellip; <a href=\"https:\/\/asv-botnang.de\/fussball\/\" class=\"more-link\"><span class=\"screen-reader-text\"><\/span> weiterlesen <span class=\"meta-nav\">&rarr;<\/span><\/a><\/p>\n","protected":false},"author":9,"featured_media":0,"parent":0,"menu_order":0,"comment_status":"open","ping_status":"open","template":"page-templates\/full-width.php","meta":[],"_links":{"self":[{"href":"https:\/\/asv-botnang.de\/fussball\/wp-json\/wp\/v2\/pages\/24"}],"collection":[{"href":"https:\/\/asv-botnang.de\/fussball\/wp-json\/wp\/v2\/pages"}],"about":[{"href":"https:\/\/asv-botnang.de\/fussball\/wp-json\/wp\/v2\/types\/page"}],"author":[{"embeddable":true,"href":"https:\/\/asv-botnang.de\/fussball\/wp-json\/wp\/v2\/users\/9"}],"replies":[{"embeddable":true,"href":"https:\/\/asv-botnang.de\/fussball\/wp-json\/wp\/v2\/comments?post=24"}],"version-history":[{"count":246,"href":"https:\/\/asv-botnang.de\/fussball\/wp-json\/wp\/v2\/pages\/24\/revisions"}],"predecessor-version":[{"id":13826,"href":"https:\/\/asv-botnang.de\/fussball\/wp-json\/wp\/v2\/pages\/24\/revisions\/13826"}],"wp:attachment":[{"href":"https:\/\/asv-botnang.de\/fussball\/wp-json\/wp\/v2\/media?parent=24"}],"curies":[{"name":"wp","href":"https:\/\/api.w.org\/{rel}","templated":true}]}}