{"id":1865,"date":"2022-01-05T13:48:34","date_gmt":"2022-01-05T13:48:34","guid":{"rendered":"http:\/\/asv-botnang.de\/turnen-tanzen-gymnastik\/?page_id=1865"},"modified":"2024-10-30T16:55:34","modified_gmt":"2024-10-30T16:55:34","slug":"ballsport-und-rueckschlagsportarten","status":"publish","type":"page","link":"https:\/\/asv-botnang.de\/turnen-tanzen-gymnastik\/ballsport-und-rueckschlagsportarten\/","title":{"rendered":"Trainingsgruppe Deutsches Sportabzeichen"},"content":{"rendered":"<div id=\"pl-1865\"  class=\"panel-layout\" ><div id=\"pg-1865-0\"  class=\"panel-grid panel-no-style\" ><div id=\"pgc-1865-0-0\"  class=\"panel-grid-cell\" ><div id=\"panel-1865-0-0-0\" class=\"so-panel widget widget_sow-editor panel-first-child panel-last-child\" data-index=\"0\" ><div\n\t\t\t\n\t\t\tclass=\"so-widget-sow-editor so-widget-sow-editor-base\"\n\t\t\t\n\t\t>\n<div class=\"siteorigin-widget-tinymce textwidget\">\n\t<p>Ein vielseitiges Training f\u00fcr bessere Ausdauer, Kraft, Schnelligkeit, Koordination und Schwimmf\u00e4higkeit. Die zur Auswahl stehenden Disziplinen (Wurf, Lauf, Sprung, Seilspringen, Ger\u00e4tturnen...) und die nach Alter und Geschlecht differenzierten Leistungsanforderungen sind in den jeweiligen\u00a0Leistungskatalogen\u00a0geregelt. Das Deutsche Sportabzeichen ist ein Leistungsabzeichen und kann auf den Leistungsstufen Bronze, Silber und Gold erworben werden. F\u00fcr den Erwerb empfiehlt sich eine gezielte k\u00f6rperliche Vorbereitung mit qualifiziertem Training. Wir laden Alle zum Mitmachen herzlich ein! Die Fitness und Lebensqualit\u00e4t werden deutlich verbessert!<\/p>\n<h5>KURSZEITEN<\/h5>\n<p>Mittwoch: 16:30 - 17:30 Uhr<\/p>\n<p>Kursleiterin: N.N.<br \/>\nOrt: Sporthalle, Sportgel\u00e4nde des ASV Botnang<\/p>\n<h5><strong>ANMELDUNG UND KONTAKT<\/strong><\/h5>\n<p>Anmeldung \u00fcber <a href=\"https:\/\/joinsports.de\/page\/asv-botnang\/course-offerings\/\">https:\/\/joinsports.de\/page\/asv-botnang\/course-offerings\/<\/a><br \/>\nSchnupperstunde ist nach Absprache m\u00f6glich.<\/p>\n<p>Kontakt:<br \/>\ninfo@asv-botnang.de<\/p>\n<h5>GEB\u00dcHREN<\/h5>\n<p>ASV Mitglieder: 36 \u20ac pro Saison<br \/>\nNichtmitglieder: 110 \u20ac pro Saison<\/p>\n<p>Keine Kurse w\u00e4hrend der Schulferien!<\/p>\n<\/div>\n<\/div><\/div><\/div><\/div><\/div>","protected":false},"excerpt":{"rendered":"<p>Ein vielseitiges Training f\u00fcr bessere Ausdauer, Kraft, Schnelligkeit, Koordination und Schwimmf\u00e4higkeit. Die zur Auswahl stehenden Disziplinen (Wurf, Lauf, Sprung, Seilspringen, Ger\u00e4tturnen&#8230;) und die nach Alter und Geschlecht differenzierten Leistungsanforderungen sind in den jeweiligen\u00a0Leistungskatalogen\u00a0geregelt. Das Deutsche Sportabzeichen ist ein Leistungsabzeichen und kann auf den Leistungsstufen Bronze, Silber und Gold erworben werden. F\u00fcr den Erwerb empfiehlt sich &hellip; <a href=\"https:\/\/asv-botnang.de\/turnen-tanzen-gymnastik\/ballsport-und-rueckschlagsportarten\/\" class=\"more-link\"><span class=\"screen-reader-text\">Trainingsgruppe Deutsches Sportabzeichen<\/span> weiterlesen <span class=\"meta-nav\">&rarr;<\/span><\/a><\/p>\n","protected":false},"author":40,"featured_media":0,"parent":0,"menu_order":0,"comment_status":"closed","ping_status":"closed","template":"","meta":[],"_links":{"self":[{"href":"https:\/\/asv-botnang.de\/turnen-tanzen-gymnastik\/wp-json\/wp\/v2\/pages\/1865"}],"collection":[{"href":"https:\/\/asv-botnang.de\/turnen-tanzen-gymnastik\/wp-json\/wp\/v2\/pages"}],"about":[{"href":"https:\/\/asv-botnang.de\/turnen-tanzen-gymnastik\/wp-json\/wp\/v2\/types\/page"}],"author":[{"embeddable":true,"href":"https:\/\/asv-botnang.de\/turnen-tanzen-gymnastik\/wp-json\/wp\/v2\/users\/40"}],"replies":[{"embeddable":true,"href":"https:\/\/asv-botnang.de\/turnen-tanzen-gymnastik\/wp-json\/wp\/v2\/comments?post=1865"}],"version-history":[{"count":11,"href":"https:\/\/asv-botnang.de\/turnen-tanzen-gymnastik\/wp-json\/wp\/v2\/pages\/1865\/revisions"}],"predecessor-version":[{"id":2150,"href":"https:\/\/asv-botnang.de\/turnen-tanzen-gymnastik\/wp-json\/wp\/v2\/pages\/1865\/revisions\/2150"}],"wp:attachment":[{"href":"https:\/\/asv-botnang.de\/turnen-tanzen-gymnastik\/wp-json\/wp\/v2\/media?parent=1865"}],"curies":[{"name":"wp","href":"https:\/\/api.w.org\/{rel}","templated":true}]}}