{"id":318,"date":"2012-10-21T16:28:57","date_gmt":"2012-10-21T14:28:57","guid":{"rendered":"http:\/\/asv-botnang.de\/volleyball\/?page_id=318"},"modified":"2022-10-03T15:03:18","modified_gmt":"2022-10-03T13:03:18","slug":"mannschaft-2","status":"publish","type":"page","link":"https:\/\/asv-botnang.de\/volleyball\/herren-3\/mannschaft-2\/","title":{"rendered":"Mannschaft"},"content":{"rendered":"<p><img decoding=\"async\" loading=\"lazy\" class=\"alignnone wp-image-2601 size-full\" style=\"color: #2b2b2b;font-size: 16px\" src=\"http:\/\/asv-botnang.de\/volleyball\/files\/2021\/10\/H3.png\" alt=\"\" width=\"1080\" height=\"1080\" srcset=\"https:\/\/asv-botnang.de\/volleyball\/files\/2021\/10\/H3.png 1080w, https:\/\/asv-botnang.de\/volleyball\/files\/2021\/10\/H3-150x150.png 150w, https:\/\/asv-botnang.de\/volleyball\/files\/2021\/10\/H3-300x300.png 300w, https:\/\/asv-botnang.de\/volleyball\/files\/2021\/10\/H3-768x768.png 768w, https:\/\/asv-botnang.de\/volleyball\/files\/2021\/10\/H3-1024x1024.png 1024w\" sizes=\"(max-width: 1080px) 100vw, 1080px\" \/><\/p>\n<h2>Spieler<\/h2>\n<p>hinten vlnr: Andreas Aschenbr\u00fccker, Manuel Haas, Michael Blanke, Gerrit Feifel, Markus Graf, Frieder Steinacker, Sebastian St\u00f6ckle<br \/>\nvorne vlnr: Bernd Seybold, Thomas Marynowski, Stefan Blanke, Thomas Weber, Dominik Seifert, Matthias K\u00fcmmel<\/p>\n<p>&nbsp;<\/p>\n<table style=\"width: 100%\" border=\"0\" cellpadding=\"3\">\n<thead>\n<tr style=\"font-weight: bold\">\n<td style=\"width: 12.025316455696203%\">Nr.<\/td>\n<td style=\"width: 25.105485232067508%\">Name<\/td>\n<td style=\"width: 27.848101265822784%\">Position<\/td>\n<td style=\"width: 15.822784810126583%\">Gr\u00f6\u00dfe<\/td>\n<td style=\"width: 18.776371308016877%\">Jahrgang<\/td>\n<\/tr>\n<\/thead>\n<tbody>\n<tr>\n<td style=\"width: 12.025316455696203%\">3<\/td>\n<td style=\"width: 25.105485232067508%\">Axel Steiner<\/td>\n<td style=\"width: 27.848101265822784%\">D<\/td>\n<td style=\"width: 15.822784810126583%\">187 cm<\/td>\n<td style=\"width: 18.776371308016877%\">1980<\/td>\n<\/tr>\n<tr>\n<td style=\"width: 12.025316455696203%\">5<\/td>\n<td style=\"width: 25.105485232067508%\">Frieder Steinacker<\/td>\n<td style=\"width: 27.848101265822784%\">Universal<\/td>\n<td style=\"width: 15.822784810126583%\">183 cm<\/td>\n<td style=\"width: 18.776371308016877%\">1985<\/td>\n<\/tr>\n<tr>\n<td style=\"width: 12.025316455696203%\">7<\/td>\n<td style=\"width: 25.105485232067508%\">Matthias K\u00fcmmel<\/td>\n<td style=\"width: 27.848101265822784%\">D<\/td>\n<td style=\"width: 15.822784810126583%\">185 cm<\/td>\n<td style=\"width: 18.776371308016877%\">1980<\/td>\n<\/tr>\n<tr>\n<td style=\"width: 12.025316455696203%\">8<\/td>\n<td style=\"width: 25.105485232067508%\">Andreas Aschenbr\u00fccker<\/td>\n<td style=\"width: 27.848101265822784%\">Z<\/td>\n<td style=\"width: 15.822784810126583%\">187 cm<\/td>\n<td style=\"width: 18.776371308016877%\">1982<\/td>\n<\/tr>\n<tr>\n<td style=\"width: 12.025316455696203%\">9<\/td>\n<td style=\"width: 25.105485232067508%\">Dominik Seifert<\/td>\n<td style=\"width: 27.848101265822784%\">MB<\/td>\n<td style=\"width: 15.822784810126583%\">193 cm<\/td>\n<td style=\"width: 18.776371308016877%\">1972<\/td>\n<\/tr>\n<tr>\n<td style=\"width: 12.025316455696203%\">10<\/td>\n<td style=\"width: 25.105485232067508%\">Felix Thumm<\/td>\n<td style=\"width: 27.848101265822784%\">AA\/Z<\/td>\n<td style=\"width: 15.822784810126583%\">184 cm<\/td>\n<td style=\"width: 18.776371308016877%\">1984<\/td>\n<\/tr>\n<tr>\n<td style=\"width: 12.025316455696203%\">11<\/td>\n<td style=\"width: 25.105485232067508%\">Michael Blanke<\/td>\n<td style=\"width: 27.848101265822784%\">D<\/td>\n<td style=\"width: 15.822784810126583%\">182 cm<\/td>\n<td style=\"width: 18.776371308016877%\">1986<\/td>\n<\/tr>\n<tr>\n<td style=\"width: 12.025316455696203%\">11<\/td>\n<td style=\"width: 25.105485232067508%\">Bernd Seybold<\/td>\n<td style=\"width: 27.848101265822784%\">Trainer\/Universal<\/td>\n<td style=\"width: 15.822784810126583%\">185 cm<\/td>\n<td style=\"width: 18.776371308016877%\">1972<\/td>\n<\/tr>\n<tr>\n<td style=\"width: 12.025316455696203%\">12<\/td>\n<td style=\"width: 25.105485232067508%\">Gerrit Feifel<\/td>\n<td style=\"width: 27.848101265822784%\">AA\/D<\/td>\n<td style=\"width: 15.822784810126583%\">185 cm<\/td>\n<td style=\"width: 18.776371308016877%\">1980<\/td>\n<\/tr>\n<tr>\n<td style=\"width: 12.025316455696203%\">13<\/td>\n<td style=\"width: 25.105485232067508%\">Marc Zimmer<\/td>\n<td style=\"width: 27.848101265822784%\">AA\/MB<\/td>\n<td style=\"width: 15.822784810126583%\">191 cm<\/td>\n<td style=\"width: 18.776371308016877%\">1986<\/td>\n<\/tr>\n<tr>\n<td style=\"width: 12.025316455696203%\">17<\/td>\n<td style=\"width: 25.105485232067508%\">Thomas Marynowski<\/td>\n<td style=\"width: 27.848101265822784%\">Libero<\/td>\n<td style=\"width: 15.822784810126583%\">179 cm<\/td>\n<td style=\"width: 18.776371308016877%\">1981<\/td>\n<\/tr>\n<tr>\n<td style=\"width: 12.025316455696203%\">25<\/td>\n<td style=\"width: 25.105485232067508%\">Markus Graf<\/td>\n<td style=\"width: 27.848101265822784%\">AA<\/td>\n<td style=\"width: 15.822784810126583%\">182 cm<\/td>\n<td style=\"width: 18.776371308016877%\">1988<\/td>\n<\/tr>\n<tr>\n<td style=\"width: 12.025316455696203%\">28<\/td>\n<td style=\"width: 25.105485232067508%\">Stefan Blanke<\/td>\n<td style=\"width: 27.848101265822784%\">AA<\/td>\n<td style=\"width: 15.822784810126583%\">187 cm<\/td>\n<td style=\"width: 18.776371308016877%\">1985<\/td>\n<\/tr>\n<tr>\n<td style=\"width: 12.025316455696203%\">47<\/td>\n<td style=\"width: 25.105485232067508%\">Dima Schumacher<\/td>\n<td style=\"width: 27.848101265822784%\">AA<\/td>\n<td style=\"width: 15.822784810126583%\">186 cm<\/td>\n<td style=\"width: 18.776371308016877%\">1988<\/td>\n<\/tr>\n<tr>\n<td style=\"width: 12.025316455696203%\">73<\/td>\n<td style=\"width: 25.105485232067508%\">Jonas Bund<\/td>\n<td style=\"width: 27.848101265822784%\">MB<\/td>\n<td style=\"width: 15.822784810126583%\">185 cm<\/td>\n<td style=\"width: 18.776371308016877%\">1985<\/td>\n<\/tr>\n<tr>\n<td style=\"width: 12.025316455696203%\"><\/td>\n<td style=\"width: 25.105485232067508%\">Dirk Stadelhofer<\/td>\n<td style=\"width: 27.848101265822784%\">Edelfan<\/td>\n<td style=\"width: 15.822784810126583%\"><\/td>\n<td style=\"width: 18.776371308016877%\"><\/td>\n<\/tr>\n<\/tbody>\n<\/table>\n","protected":false},"excerpt":{"rendered":"<p>Spieler hinten vlnr: Andreas Aschenbr\u00fccker, Manuel Haas, Michael Blanke, Gerrit Feifel, Markus Graf, Frieder Steinacker, Sebastian St\u00f6ckle vorne vlnr: Bernd Seybold, Thomas Marynowski, Stefan Blanke, Thomas Weber, Dominik Seifert, Matthias K\u00fcmmel &nbsp; Nr. Name Position Gr\u00f6\u00dfe Jahrgang 3 Axel Steiner D 187 cm 1980 5 Frieder Steinacker Universal 183 cm 1985 7 Matthias K\u00fcmmel D &hellip; <a href=\"https:\/\/asv-botnang.de\/volleyball\/herren-3\/mannschaft-2\/\" class=\"more-link\"><span class=\"screen-reader-text\">Mannschaft<\/span> weiterlesen <span class=\"meta-nav\">&rarr;<\/span><\/a><\/p>\n","protected":false},"author":21,"featured_media":0,"parent":316,"menu_order":1,"comment_status":"open","ping_status":"open","template":"","meta":[],"_links":{"self":[{"href":"https:\/\/asv-botnang.de\/volleyball\/wp-json\/wp\/v2\/pages\/318"}],"collection":[{"href":"https:\/\/asv-botnang.de\/volleyball\/wp-json\/wp\/v2\/pages"}],"about":[{"href":"https:\/\/asv-botnang.de\/volleyball\/wp-json\/wp\/v2\/types\/page"}],"author":[{"embeddable":true,"href":"https:\/\/asv-botnang.de\/volleyball\/wp-json\/wp\/v2\/users\/21"}],"replies":[{"embeddable":true,"href":"https:\/\/asv-botnang.de\/volleyball\/wp-json\/wp\/v2\/comments?post=318"}],"version-history":[{"count":33,"href":"https:\/\/asv-botnang.de\/volleyball\/wp-json\/wp\/v2\/pages\/318\/revisions"}],"predecessor-version":[{"id":2872,"href":"https:\/\/asv-botnang.de\/volleyball\/wp-json\/wp\/v2\/pages\/318\/revisions\/2872"}],"up":[{"embeddable":true,"href":"https:\/\/asv-botnang.de\/volleyball\/wp-json\/wp\/v2\/pages\/316"}],"wp:attachment":[{"href":"https:\/\/asv-botnang.de\/volleyball\/wp-json\/wp\/v2\/media?parent=318"}],"curies":[{"name":"wp","href":"https:\/\/api.w.org\/{rel}","templated":true}]}}