{"id":803,"date":"2016-03-08T15:17:52","date_gmt":"2016-03-08T14:17:52","guid":{"rendered":"http:\/\/asv-botnang.de\/volleyball\/?page_id=803"},"modified":"2023-10-15T20:21:13","modified_gmt":"2023-10-15T18:21:13","slug":"damen","status":"publish","type":"page","link":"https:\/\/asv-botnang.de\/volleyball\/damen\/","title":{"rendered":"Landesliga &#8211; D1"},"content":{"rendered":"<p>Gut Ding will Weile haben und so hat es nach drei Spielzeiten in der Bezirksliga endlich mit dem Aufstieg in die Landesliga f\u00fcr unsere First Ladies gereicht. Mit einigen Neuzug\u00e4ngen verst\u00e4rkt startet das Team voller Zuversicht in die neue Spielzeit. Drei Spielerinnen aus der Gr\u00fcndungsmannschaft sind nach wie vor dabei und haben sich stets mit den Spielklassen stets weiterentwickelt. Darauf k\u00f6nnen wir als Abteilung und das Team besonders stolz sein. <\/p>\n<p>Es gilt allerdings in der neuen Spielklasse noch h\u00e4rter zu arbeiten, um sich gegen st\u00e4rkere Gegner zu beweisen. Es wird keine einfachen Spiele mehr geben und jeder Punkt f\u00fcr die Mission Klassenerhalt muss nun hart verdient werden.<\/p>\n<p><img decoding=\"async\" loading=\"lazy\" src=\"http:\/\/asv-botnang.de\/volleyball\/files\/2023\/10\/D1a-scaled.jpg\" alt=\"\" width=\"2560\" height=\"1726\" class=\"alignnone size-full wp-image-3187\" srcset=\"https:\/\/asv-botnang.de\/volleyball\/files\/2023\/10\/D1a-scaled.jpg 2560w, https:\/\/asv-botnang.de\/volleyball\/files\/2023\/10\/D1a-300x202.jpg 300w, https:\/\/asv-botnang.de\/volleyball\/files\/2023\/10\/D1a-1024x690.jpg 1024w, https:\/\/asv-botnang.de\/volleyball\/files\/2023\/10\/D1a-768x518.jpg 768w, https:\/\/asv-botnang.de\/volleyball\/files\/2023\/10\/D1a-1536x1035.jpg 1536w, https:\/\/asv-botnang.de\/volleyball\/files\/2023\/10\/D1a-2048x1381.jpg 2048w, https:\/\/asv-botnang.de\/volleyball\/files\/2023\/10\/D1a-272x182.jpg 272w\" sizes=\"(max-width: 2560px) 100vw, 2560px\" \/><\/p>\n<h2>Trainingszeiten<\/h2>\n<p><b><br \/>\nDienstags (Friedrich-Eugen-Gymnasium<\/b><b>e Stuttgart West)<\/b><br \/>\n20:15 &#8211; 21:45 Uhr<\/p>\n<p><strong>Donnerstags (ASV Sporthalle)<\/strong><br \/>\n19:00 &#8211; 21:00 Uhr<\/p>\n","protected":false},"excerpt":{"rendered":"<p>Gut Ding will Weile haben und so hat es nach drei Spielzeiten in der Bezirksliga endlich mit dem Aufstieg in die Landesliga f\u00fcr unsere First Ladies gereicht. Mit einigen Neuzug\u00e4ngen verst\u00e4rkt startet das Team voller Zuversicht in die neue Spielzeit. Drei Spielerinnen aus der Gr\u00fcndungsmannschaft sind nach wie vor dabei und haben sich stets mit &hellip; <a href=\"https:\/\/asv-botnang.de\/volleyball\/damen\/\" class=\"more-link\"><span class=\"screen-reader-text\">Landesliga &#8211; D1<\/span> weiterlesen <span class=\"meta-nav\">&rarr;<\/span><\/a><\/p>\n","protected":false},"author":21,"featured_media":0,"parent":0,"menu_order":0,"comment_status":"closed","ping_status":"closed","template":"","meta":[],"_links":{"self":[{"href":"https:\/\/asv-botnang.de\/volleyball\/wp-json\/wp\/v2\/pages\/803"}],"collection":[{"href":"https:\/\/asv-botnang.de\/volleyball\/wp-json\/wp\/v2\/pages"}],"about":[{"href":"https:\/\/asv-botnang.de\/volleyball\/wp-json\/wp\/v2\/types\/page"}],"author":[{"embeddable":true,"href":"https:\/\/asv-botnang.de\/volleyball\/wp-json\/wp\/v2\/users\/21"}],"replies":[{"embeddable":true,"href":"https:\/\/asv-botnang.de\/volleyball\/wp-json\/wp\/v2\/comments?post=803"}],"version-history":[{"count":33,"href":"https:\/\/asv-botnang.de\/volleyball\/wp-json\/wp\/v2\/pages\/803\/revisions"}],"predecessor-version":[{"id":3192,"href":"https:\/\/asv-botnang.de\/volleyball\/wp-json\/wp\/v2\/pages\/803\/revisions\/3192"}],"wp:attachment":[{"href":"https:\/\/asv-botnang.de\/volleyball\/wp-json\/wp\/v2\/media?parent=803"}],"curies":[{"name":"wp","href":"https:\/\/api.w.org\/{rel}","templated":true}]}}