{"id":807,"date":"2016-03-08T15:25:54","date_gmt":"2016-03-08T14:25:54","guid":{"rendered":"http:\/\/asv-botnang.de\/volleyball\/?page_id=807"},"modified":"2022-11-16T08:39:29","modified_gmt":"2022-11-16T07:39:29","slug":"mannschaft","status":"publish","type":"page","link":"https:\/\/asv-botnang.de\/volleyball\/damen\/mannschaft\/","title":{"rendered":"Mannschaft"},"content":{"rendered":"<p><img decoding=\"async\" loading=\"lazy\" class=\"alignnone wp-image-3016\" src=\"http:\/\/asv-botnang.de\/volleyball\/files\/2022\/11\/Damen-1-1024x683.jpg\" alt=\"Damen 1 Saison 2022\/23\" width=\"806\" height=\"537\" srcset=\"https:\/\/asv-botnang.de\/volleyball\/files\/2022\/11\/Damen-1-1024x683.jpg 1024w, https:\/\/asv-botnang.de\/volleyball\/files\/2022\/11\/Damen-1-300x200.jpg 300w, https:\/\/asv-botnang.de\/volleyball\/files\/2022\/11\/Damen-1-768x512.jpg 768w, https:\/\/asv-botnang.de\/volleyball\/files\/2022\/11\/Damen-1-272x182.jpg 272w, https:\/\/asv-botnang.de\/volleyball\/files\/2022\/11\/Damen-1.jpg 2048w\" sizes=\"(max-width: 806px) 100vw, 806px\" \/><\/p>\n<h2>Spielerinnen<\/h2>\n<table style=\"width: 97.4076%;height: 415px\" border=\"0\" cellpadding=\"3\">\n<thead>\n<tr style=\"font-weight: bold\">\n<td style=\"width: 4.01768%;height: 18px\">Nr.<\/td>\n<td style=\"width: 13.944%;height: 18px\">Name<\/td>\n<td style=\"width: 20.0383%;height: 18px\">Bild<\/td>\n<td style=\"width: 8.00%;height: 18px\">Position<\/td>\n<td style=\"width: 8.23183%;height: 18px\">Gr\u00f6\u00dfe<\/td>\n<td style=\"width: 2.52683%;height: 18px\">Jahrgang<\/td>\n<\/tr>\n<\/thead>\n<tbody>\n<tr style=\"height: 36px\">\n<td style=\"width: 4.01768%;height: 20px;text-align: left\" align=\"right\">1<\/td>\n<td style=\"width: 13.944%;height: 20px\">Melanie Erhardt<\/td>\n<td style=\"width: 20.0383%;height: 20px\"><img decoding=\"async\" loading=\"lazy\" class=\"alignnone size-medium wp-image-3060\" src=\"http:\/\/asv-botnang.de\/volleyball\/files\/2022\/11\/9351-200x300.jpg\" alt=\"\" width=\"200\" height=\"300\" srcset=\"https:\/\/asv-botnang.de\/volleyball\/files\/2022\/11\/9351-200x300.jpg 200w, https:\/\/asv-botnang.de\/volleyball\/files\/2022\/11\/9351-768x1152.jpg 768w, https:\/\/asv-botnang.de\/volleyball\/files\/2022\/11\/9351-683x1024.jpg 683w, https:\/\/asv-botnang.de\/volleyball\/files\/2022\/11\/9351.jpg 1365w\" sizes=\"(max-width: 200px) 100vw, 200px\" \/><\/td>\n<td style=\"width: 8%;height: 20px\">L | AA<\/td>\n<td style=\"width: 8.23183%;height: 20px\">172 cm<\/td>\n<td style=\"width: 2.52683%;height: 20px\">1988<\/td>\n<\/tr>\n<tr style=\"height: 18px\">\n<td style=\"width: 4.01768%;height: 18px\">2<\/td>\n<td style=\"width: 13.944%;height: 18px\">Lisa-Marie Klein\u00f6der<\/td>\n<td style=\"width: 20.0383%;height: 20px\"><img decoding=\"async\" loading=\"lazy\" class=\"alignnone size-medium wp-image-3061\" src=\"http:\/\/asv-botnang.de\/volleyball\/files\/2022\/11\/9149-200x300.jpg\" alt=\"\" width=\"200\" height=\"300\" srcset=\"https:\/\/asv-botnang.de\/volleyball\/files\/2022\/11\/9149-200x300.jpg 200w, https:\/\/asv-botnang.de\/volleyball\/files\/2022\/11\/9149-768x1152.jpg 768w, https:\/\/asv-botnang.de\/volleyball\/files\/2022\/11\/9149-683x1024.jpg 683w, https:\/\/asv-botnang.de\/volleyball\/files\/2022\/11\/9149.jpg 1365w\" sizes=\"(max-width: 200px) 100vw, 200px\" \/><\/td>\n<td style=\"width: 8%;height: 18px\">Z\/D<\/td>\n<td style=\"width: 8.23183%;height: 18px\">174 cm<\/td>\n<td style=\"width: 2.52683%;height: 18px\">1993<\/td>\n<\/tr>\n<tr style=\"height: 18px\">\n<td style=\"width: 4.01768%;height: 18px\">4<\/td>\n<td style=\"width: 13.944%;height: 18px\">Sybille Reetz<\/td>\n<td style=\"width: 20.0383%;height: 20px\"><img decoding=\"async\" loading=\"lazy\" class=\"alignnone size-medium wp-image-3062\" src=\"http:\/\/asv-botnang.de\/volleyball\/files\/2022\/11\/9435-200x300.jpg\" alt=\"\" width=\"200\" height=\"300\" srcset=\"https:\/\/asv-botnang.de\/volleyball\/files\/2022\/11\/9435-200x300.jpg 200w, https:\/\/asv-botnang.de\/volleyball\/files\/2022\/11\/9435-768x1152.jpg 768w, https:\/\/asv-botnang.de\/volleyball\/files\/2022\/11\/9435-683x1024.jpg 683w, https:\/\/asv-botnang.de\/volleyball\/files\/2022\/11\/9435.jpg 1365w\" sizes=\"(max-width: 200px) 100vw, 200px\" \/><\/td>\n<td style=\"width: 8%;height: 18px\">D<\/td>\n<td style=\"width: 8.23183%;height: 18px\">176 cm<\/td>\n<td style=\"width: 2.52683%;height: 18px\">1995<\/td>\n<\/tr>\n<tr style=\"height: 36px\">\n<td style=\"width: 4.01768%;height: 36px\">5<\/td>\n<td style=\"width: 13.944%;height: 36px\">Katharina Baur<\/td>\n<td style=\"width: 20.0383%;height: 20px\"><img decoding=\"async\" loading=\"lazy\" class=\"alignnone size-medium wp-image-2700\" src=\"http:\/\/asv-botnang.de\/volleyball\/files\/2021\/11\/IMG_1104-225x300.jpg\" alt=\"\" width=\"225\" height=\"300\" srcset=\"https:\/\/asv-botnang.de\/volleyball\/files\/2021\/11\/IMG_1104-225x300.jpg 225w, https:\/\/asv-botnang.de\/volleyball\/files\/2021\/11\/IMG_1104-768x1024.jpg 768w\" sizes=\"(max-width: 225px) 100vw, 225px\" \/><\/td>\n<td style=\"width: 8%;height: 36px\">MB<\/td>\n<td style=\"width: 8.23183%;height: 36px\">186 cm<\/td>\n<td style=\"width: 2.52683%;height: 36px\">1988<\/td>\n<\/tr>\n<tr style=\"height: 18px\">\n<td style=\"width: 4.01768%;height: 18px;text-align: left\" align=\"right\">6<\/td>\n<td style=\"width: 13.944%;height: 18px\">Lena L\u00fcbke<\/td>\n<td style=\"width: 20.0383%;height: 20px\"><img decoding=\"async\" loading=\"lazy\" class=\"alignnone size-medium wp-image-3063\" src=\"http:\/\/asv-botnang.de\/volleyball\/files\/2022\/11\/9468-200x300.jpg\" alt=\"\" width=\"200\" height=\"300\" srcset=\"https:\/\/asv-botnang.de\/volleyball\/files\/2022\/11\/9468-200x300.jpg 200w, https:\/\/asv-botnang.de\/volleyball\/files\/2022\/11\/9468-768x1152.jpg 768w, https:\/\/asv-botnang.de\/volleyball\/files\/2022\/11\/9468-683x1024.jpg 683w, https:\/\/asv-botnang.de\/volleyball\/files\/2022\/11\/9468.jpg 1365w\" sizes=\"(max-width: 200px) 100vw, 200px\" \/><\/td>\n<td style=\"width: 8%;height: 18px\">D<\/td>\n<td style=\"width: 8.23183%;height: 18px\">180 cm<\/td>\n<td style=\"width: 2.52683%;height: 18px\">2004<\/td>\n<\/tr>\n<tr style=\"height: 18px\">\n<td style=\"width: 4.01768%;height: 18px;text-align: left\" align=\"right\">7<\/td>\n<td style=\"width: 13.944%;height: 18px\">Marina Heinrich<\/td>\n<td style=\"width: 20.0383%;height: 20px\"><img decoding=\"async\" loading=\"lazy\" class=\"alignnone size-medium wp-image-3064\" src=\"http:\/\/asv-botnang.de\/volleyball\/files\/2022\/11\/9256-200x300.jpg\" alt=\"\" width=\"200\" height=\"300\" srcset=\"https:\/\/asv-botnang.de\/volleyball\/files\/2022\/11\/9256-200x300.jpg 200w, https:\/\/asv-botnang.de\/volleyball\/files\/2022\/11\/9256-768x1152.jpg 768w, https:\/\/asv-botnang.de\/volleyball\/files\/2022\/11\/9256-683x1024.jpg 683w, https:\/\/asv-botnang.de\/volleyball\/files\/2022\/11\/9256.jpg 1365w\" sizes=\"(max-width: 200px) 100vw, 200px\" \/><\/td>\n<td style=\"width: 8%;height: 18px\">L<\/td>\n<td style=\"width: 8.23183%;height: 18px\">170 cm<\/td>\n<td style=\"width: 2.52683%;height: 18px\">1982<\/td>\n<\/tr>\n<tr style=\"height: 18px\">\n<td style=\"width: 4.01768%;height: 18px;text-align: left\" align=\"right\">8<\/td>\n<td style=\"width: 13.944%;height: 18px\">Pia Krebs<\/td>\n<td style=\"width: 20.0383%;height: 20px\"><img decoding=\"async\" loading=\"lazy\" class=\"alignnone size-medium wp-image-3065\" src=\"http:\/\/asv-botnang.de\/volleyball\/files\/2022\/11\/9651-200x300.jpg\" alt=\"\" width=\"200\" height=\"300\" srcset=\"https:\/\/asv-botnang.de\/volleyball\/files\/2022\/11\/9651-200x300.jpg 200w, https:\/\/asv-botnang.de\/volleyball\/files\/2022\/11\/9651-768x1152.jpg 768w, https:\/\/asv-botnang.de\/volleyball\/files\/2022\/11\/9651-683x1024.jpg 683w, https:\/\/asv-botnang.de\/volleyball\/files\/2022\/11\/9651.jpg 1365w\" sizes=\"(max-width: 200px) 100vw, 200px\" \/><\/td>\n<td style=\"width: 8%;height: 18px\">AA<\/td>\n<td style=\"width: 8.23183%;height: 18px\">176 cm<\/td>\n<td style=\"width: 2.52683%;height: 18px\">1992<\/td>\n<\/tr>\n<tr style=\"height: 36px\">\n<td style=\"width: 4.01768%;height: 36px\">9<\/td>\n<td style=\"width: 13.944%;height: 36px\">Katharina Rieger<\/td>\n<td style=\"width: 20.0383%;height: 20px\"><\/td>\n<td style=\"width: 8%;height: 36px\">MB | UNI<\/td>\n<td style=\"width: 8.23183%;height: 36px\">174 cm<\/td>\n<td style=\"width: 2.52683%;height: 36px\">1990<\/td>\n<\/tr>\n<tr style=\"height: 36px\">\n<td style=\"width: 4.01768%;height: 36px\">10<\/td>\n<td style=\"width: 13.944%;height: 36px\">Madlen Dahlke<\/td>\n<td style=\"width: 20.0383%;height: 20px\"><img decoding=\"async\" loading=\"lazy\" class=\"alignnone size-medium wp-image-3066\" src=\"http:\/\/asv-botnang.de\/volleyball\/files\/2022\/11\/9228-200x300.jpg\" alt=\"\" width=\"200\" height=\"300\" srcset=\"https:\/\/asv-botnang.de\/volleyball\/files\/2022\/11\/9228-200x300.jpg 200w, https:\/\/asv-botnang.de\/volleyball\/files\/2022\/11\/9228-768x1152.jpg 768w, https:\/\/asv-botnang.de\/volleyball\/files\/2022\/11\/9228-683x1024.jpg 683w, https:\/\/asv-botnang.de\/volleyball\/files\/2022\/11\/9228.jpg 1365w\" sizes=\"(max-width: 200px) 100vw, 200px\" \/><\/td>\n<td style=\"width: 8%;height: 36px\">Z<\/td>\n<td style=\"width: 8.23183%;height: 36px\">174 cm<\/td>\n<td style=\"width: 2.52683%;height: 36px\">1995<\/td>\n<\/tr>\n<tr style=\"height: 36px\">\n<td style=\"width: 4.01768%;height: 36px\">11<\/td>\n<td style=\"width: 13.944%;height: 36px\">Glenda Dobnig<\/td>\n<td style=\"width: 20.0383%;height: 20px\"><img decoding=\"async\" loading=\"lazy\" class=\"alignnone size-medium wp-image-3067\" src=\"http:\/\/asv-botnang.de\/volleyball\/files\/2022\/11\/9121-200x300.jpg\" alt=\"\" width=\"200\" height=\"300\" srcset=\"https:\/\/asv-botnang.de\/volleyball\/files\/2022\/11\/9121-200x300.jpg 200w, https:\/\/asv-botnang.de\/volleyball\/files\/2022\/11\/9121-768x1152.jpg 768w, https:\/\/asv-botnang.de\/volleyball\/files\/2022\/11\/9121-683x1024.jpg 683w, https:\/\/asv-botnang.de\/volleyball\/files\/2022\/11\/9121.jpg 1365w\" sizes=\"(max-width: 200px) 100vw, 200px\" \/><\/td>\n<td style=\"width: 8%;height: 36px\">AA<\/td>\n<td style=\"width: 8.23183%;height: 36px\">175 cm<\/td>\n<td style=\"width: 2.52683%;height: 36px\">1995<\/td>\n<\/tr>\n<tr style=\"height: 36px\">\n<td style=\"width: 4.01768%;height: 36px\">12<\/td>\n<td style=\"width: 13.944%;height: 36px\">Ana-Maria Serban<\/td>\n<td style=\"width: 20.0383%;height: 20px\"><img decoding=\"async\" loading=\"lazy\" class=\"alignnone size-medium wp-image-3068\" src=\"http:\/\/asv-botnang.de\/volleyball\/files\/2022\/11\/9490-200x300.jpg\" alt=\"\" width=\"200\" height=\"300\" srcset=\"https:\/\/asv-botnang.de\/volleyball\/files\/2022\/11\/9490-200x300.jpg 200w, https:\/\/asv-botnang.de\/volleyball\/files\/2022\/11\/9490-768x1152.jpg 768w, https:\/\/asv-botnang.de\/volleyball\/files\/2022\/11\/9490-683x1024.jpg 683w, https:\/\/asv-botnang.de\/volleyball\/files\/2022\/11\/9490.jpg 1365w\" sizes=\"(max-width: 200px) 100vw, 200px\" \/><\/td>\n<td style=\"width: 8%;height: 36px\">Z<\/td>\n<td style=\"width: 8.23183%;height: 36px\">168 cm<\/td>\n<td style=\"width: 2.52683%;height: 36px\">1999<\/td>\n<\/tr>\n<tr style=\"height: 36px\">\n<td style=\"width: 4.01768%;height: 36px\">13<\/td>\n<td style=\"width: 13.944%;height: 36px\">Simone Schulz<\/td>\n<td style=\"width: 20.0383%;height: 20px\"><img decoding=\"async\" loading=\"lazy\" class=\"alignnone size-medium wp-image-3069\" src=\"http:\/\/asv-botnang.de\/volleyball\/files\/2022\/11\/9551-200x300.jpg\" alt=\"\" width=\"200\" height=\"300\" srcset=\"https:\/\/asv-botnang.de\/volleyball\/files\/2022\/11\/9551-200x300.jpg 200w, https:\/\/asv-botnang.de\/volleyball\/files\/2022\/11\/9551-768x1152.jpg 768w, https:\/\/asv-botnang.de\/volleyball\/files\/2022\/11\/9551-683x1024.jpg 683w, https:\/\/asv-botnang.de\/volleyball\/files\/2022\/11\/9551.jpg 1365w\" sizes=\"(max-width: 200px) 100vw, 200px\" \/><\/td>\n<td style=\"width: 8%;height: 36px\">MB<\/td>\n<td style=\"width: 8.23183%;height: 36px\">179 cm<\/td>\n<td style=\"width: 2.52683%;height: 36px\">1994<\/td>\n<\/tr>\n<tr style=\"height: 18px\">\n<td style=\"width: 4.01768%;height: 18px;text-align: left\" align=\"right\">14<\/td>\n<td style=\"width: 13.944%;height: 18px\">Angelika Graf<\/td>\n<td style=\"width: 20.0383%;height: 20px\"><img decoding=\"async\" loading=\"lazy\" class=\"alignnone size-medium wp-image-2696\" src=\"http:\/\/asv-botnang.de\/volleyball\/files\/2021\/11\/IMG_0805-225x300.jpg\" alt=\"\" width=\"225\" height=\"300\" srcset=\"https:\/\/asv-botnang.de\/volleyball\/files\/2021\/11\/IMG_0805-225x300.jpg 225w, https:\/\/asv-botnang.de\/volleyball\/files\/2021\/11\/IMG_0805-768x1024.jpg 768w\" sizes=\"(max-width: 225px) 100vw, 225px\" \/><\/td>\n<td style=\"width: 8%;height: 18px\">MB<\/td>\n<td style=\"width: 8.23183%;height: 18px\">179 cm<\/td>\n<td style=\"width: 2.52683%;height: 18px\">1993<\/td>\n<\/tr>\n<tr style=\"height: 18px\">\n<td style=\"width: 4.01768%;height: 18px;text-align: left\" align=\"right\">16<\/td>\n<td style=\"width: 13.944%;height: 18px\">Hannah M\u00fcller<\/td>\n<td style=\"width: 20.0383%;height: 20px\"><\/td>\n<td style=\"width: 8%;height: 18px\">AA | D<\/td>\n<td style=\"width: 8.23183%;height: 18px\">170 cm<\/td>\n<td style=\"width: 2.52683%;height: 18px\">1991<\/td>\n<\/tr>\n<tr style=\"height: 18px\">\n<td style=\"width: 4.01768%;height: 18px;text-align: left\" align=\"right\">17<\/td>\n<td style=\"width: 13.944%;height: 18px\">Alma-Maria H\u00f6now<\/td>\n<td style=\"width: 20.0383%;height: 20px\"><img decoding=\"async\" loading=\"lazy\" class=\"alignnone size-medium wp-image-2692\" src=\"http:\/\/asv-botnang.de\/volleyball\/files\/2021\/11\/IMG_0653-225x300.jpg\" alt=\"\" width=\"225\" height=\"300\" srcset=\"https:\/\/asv-botnang.de\/volleyball\/files\/2021\/11\/IMG_0653-225x300.jpg 225w, https:\/\/asv-botnang.de\/volleyball\/files\/2021\/11\/IMG_0653-768x1024.jpg 768w\" sizes=\"(max-width: 225px) 100vw, 225px\" \/><\/td>\n<td style=\"width: 8%;height: 18px\">AA<\/td>\n<td style=\"width: 8.23183%;height: 18px\">168 cm<\/td>\n<td style=\"width: 2.52683%;height: 18px\">1990<\/td>\n<\/tr>\n<tr style=\"height: 17px\">\n<td style=\"width: 4.01768%;height: 17px\" align=\"right\"><\/td>\n<td style=\"width: 13.944%;height: 17px\">Linus B\u00f6hme<\/td>\n<td style=\"width: 20.0383%;height: 17px\">Trainer<\/td>\n<td style=\"width: 8%;height: 17px\"><\/td>\n<td style=\"width: 8.23183%;height: 17px\"><\/td>\n<\/tr>\n<tr>\n<td style=\"width: 4.01768%\"><\/td>\n<td style=\"width: 13.944%\">S\u00f6ren Boockmann<\/td>\n<td style=\"width: 20.0383%\">Co-Trainer<\/td>\n<td style=\"width: 8%\"><\/td>\n<td style=\"width: 8.23183%\"><\/td>\n<\/tr>\n<\/tbody>\n<\/table>\n","protected":false},"excerpt":{"rendered":"<p>Spielerinnen Nr. Name Bild Position Gr\u00f6\u00dfe Jahrgang 1 Melanie Erhardt L | AA 172 cm 1988 2 Lisa-Marie Klein\u00f6der Z\/D 174 cm 1993 4 Sybille Reetz D 176 cm 1995 5 Katharina Baur MB 186 cm 1988 6 Lena L\u00fcbke D 180 cm 2004 7 Marina Heinrich L 170 cm 1982 8 Pia Krebs AA &hellip; <a href=\"https:\/\/asv-botnang.de\/volleyball\/damen\/mannschaft\/\" class=\"more-link\"><span class=\"screen-reader-text\">Mannschaft<\/span> weiterlesen <span class=\"meta-nav\">&rarr;<\/span><\/a><\/p>\n","protected":false},"author":21,"featured_media":0,"parent":803,"menu_order":0,"comment_status":"closed","ping_status":"closed","template":"","meta":[],"_links":{"self":[{"href":"https:\/\/asv-botnang.de\/volleyball\/wp-json\/wp\/v2\/pages\/807"}],"collection":[{"href":"https:\/\/asv-botnang.de\/volleyball\/wp-json\/wp\/v2\/pages"}],"about":[{"href":"https:\/\/asv-botnang.de\/volleyball\/wp-json\/wp\/v2\/types\/page"}],"author":[{"embeddable":true,"href":"https:\/\/asv-botnang.de\/volleyball\/wp-json\/wp\/v2\/users\/21"}],"replies":[{"embeddable":true,"href":"https:\/\/asv-botnang.de\/volleyball\/wp-json\/wp\/v2\/comments?post=807"}],"version-history":[{"count":61,"href":"https:\/\/asv-botnang.de\/volleyball\/wp-json\/wp\/v2\/pages\/807\/revisions"}],"predecessor-version":[{"id":3070,"href":"https:\/\/asv-botnang.de\/volleyball\/wp-json\/wp\/v2\/pages\/807\/revisions\/3070"}],"up":[{"embeddable":true,"href":"https:\/\/asv-botnang.de\/volleyball\/wp-json\/wp\/v2\/pages\/803"}],"wp:attachment":[{"href":"https:\/\/asv-botnang.de\/volleyball\/wp-json\/wp\/v2\/media?parent=807"}],"curies":[{"name":"wp","href":"https:\/\/api.w.org\/{rel}","templated":true}]}}